i(13).
100
Let m(y) = 2*y**2 + 34*y - 43. Calculate m(-18).
-7
Let l(q) = q**3 + 14*q**2 + 46*q - 22. Calculate l(-7).
-1
Let h(l) = -l + 2. Determine h(15).
-13
Let a(i) = -i - 28. Calculate a(-13).
-15
Let k(d) = -50*d + 273. Calculate k(6).
-27
Let h(b) = 11*b - 4. Calculate h(-2).
-26
Let n(d) = 4*d - 10. Calculate n(1).
-6
Let s(y) = -y**2 + 6*y + 63. What is s(12)?
-9
Let m(h) = -5*h**2 + h + 1. What is m(-1)?
-5
Let w(r) = -8*r**3 - r**2 + 3*r - 1. Determine w(1).
-7
Let b(o) = 65*o**3 + o**2 + 2*o + 1. Calculate b(-1).
-65
Let a(v) = -2*v**2 + 39*v + 27. Calculate a(20).
7
Let q(d) = -5*d - 70. What is q(-10)?
-20
Let z(y) = -3*y**3 - 2*y**2 + y + 2. Determine z(1).
-2
Let s(j) = -j**3 - 5*j**2 + 8*j + 3. Calculate s(-3).
-39
Let z(k) = -16*k + 114. What is z(7)?
2
Let c(q) = 7*q**2 + 4*q + 7. Give c(-2).
27
Let u(m) = 9*m - 54. Give u(6).
0
Let t(n) = 45*n**2 - n - 4. What is t(2)?
174
Let i(l) = -l**2 + 29*l - 146. Give i(24).
-26
Let v(y) = 61*y - 429. What is v(7)?
-2
Let b(s) = -s**3 + 10*s**2 - 17*s + 7. Give b(7).
35
Let r(w) = 4*w**2 - 4*w - 12. What is r(-2)?
12
Let v(t) = t**2 + 5*t + 5. Give v(-5).
5
Let n(u) = 8*u**2 - 16*u + 16. Give n(1).
8
Let z(h) = 9*h**2 + 28*h + 5. Give z(-3).
2
Let d(f) = -63*f + 1884. Determine d(30).
-6
Let x(d) = 8*d - 36. What is x(4)?
-4
Let p(b) = -b**3 - 18*b**2 - 17*b - 3. What is p(-17)?
-3
Let d(k) = k**3 + 4*k**2 + 15*k + 6. Calculate d(-4).
-54
Let g(s) = -s**2 - 2*s + 17. Determine g(-5).
2
Let g(j) = -j**2 - 3*j + 9. Calculate g(-5).
-1
Let q(b) = b**3 - 11*b**2 + 16*b + 8. What is q(9)?
-10
Let y(w) = w + 1. What is y(5)?
6
Let x(j) = -3*j + 4. Determine x(6).
-14
Let z(m) = 3*m + 6. Determine z(-3).
-3
Let x(t) = -2*t - 23. Give x(-12).
1
Let g(d) = d**3 + 6*d**2 - 11*d - 11. Calculate g(-7).
17
Let t(m) = m**3 + 16*m**2 - 16*m + 25. Determine t(-17).
8
Let h(i) = -i**3 - 19*i**2 - 6*i - 110. Calculate h(-19).
4
Let p(a) = -15*a + 29. Calculate p(7).
-76
Let t(i) = -3*i**2 - 7*i - 11. What is t(-2)?
-9
Let q(c) = -4*c - 94. Determine q(-25).
6
Let w(s) = s**3 + 10*s**2 - 11*s + 1. Calculate w(-11).
1
Let r(j) = 69*j**2 - 2*j + 1. Give r(1).
68
Let p(y) = -6*y - 38. Determine p(-7).
4
Let l(o) = -o**3 - 12*o**2 - 28*o - 14. Determine l(-9).
-5
Let t(z) = z**3 - 6*z**2 + 2*z + 4. What is t(4)?
-20
Let i(f) = -62*f - 185. Give i(-3).
1
Let p(l) = 56*l**2 - 2*l - 1. What is p(-1)?
57
Let x(g) = g - 53. What is x(0)?
-53
Let s(x) = -x**2 - 20*x + 41. Calculate s(-19).
60
Let d(s) = 46*s - 139. Determine d(3).
-1
Let q(h) = -h**3 - 11*h**2 - 14*h - 3. What is q(-10)?
37
Let q(i) = 14*i + 13. What is q(1)?
27
Let z(w) = -2*w**3 + 6*w**2 + 13*w + 2. Give z(-3).
71
Let g(a) = a**3 + 17*a**2 + 13. What is g(-17)?
13
Let n(y) = -y**2 - 17*y + 166. Calculate n(7).
-2
Let l(t) = 18*t - 53. Calculate l(0).
-53
Let r(q) = -22*q - 204. Calculate r(-11).
38
Let j(t) = -t**3 + 16*t**2 + 22*t + 22. Give j(17).
107
Let o(f) = -f - 6. Calculate o(-5).
-1
Let m(q) = 17*q - 320. Determine m(20).
20
Let w(z) = -z**2 + 16*z + 25. What is w(8)?
89
Let s(y) = 7*y + 9. Give s(-3).
-12
Let t(g) = 2*g + 8. Give t(-3).
2
Let y(x) = x**2 - 11*x + 10. Give y(8).
-14
Let b(y) = y**2 + 6*y - 3. Determine b(-8).
13
Let t(s) = 10*s - 278. Determine t(27).
-8
Let a(f) = -3*f + 33. What is a(11)?
0
Let n(v) = 3*v + 7. Determine n(1).
10
Let f(h) = -15*h**3 - h**2 - 2*h + 2. Determine f(1).
-16
Let b(o) = -o**2 - 11*o + 33. What is b(-14)?
-9
Let z(h) = 4*h - 22. Determine z(11).
22
Let u(g) = -13*g + 5. Give u(3).
-34
Let j(d) = 15*d + 14. Calculate j(6).
104
Let a(h) = -h**2 + 4*h + 5. Calculate a(7).
-16
Let f(z) = -2*z**2 + 16*z - 18. Determine f(7).
-4
Let c(v) = 22*v**2 + 43*v - 4. Calculate c(-3).
65
Let g(c) = c**2 - 5*c - 15. Give g(-6).
51
Let t(b) = b**3 + 5*b**2 + 7*b + 5. Determine t(-5).
-30
Let n(a) = a**3 - 5*a**2 + a + 3. Determine n(3).
-12
Let w(z) = 6*z**2 - 26*z + 7. Calculate w(4).
-1
Let f(j) = -j**2 - 27*j - 95. Give f(-23).
-3
Let b(n) = -2*n - 4. Calculate b(-3).
2
Let g(i) = i**2 + 9*i + 3. Determine g(-6).
-15
Let c(w) = -7*w**2 - 44*w - 15. Determine c(-6).
-3
Let v(x) = x**2 - 13*x + 3. Give v(10).
-27
Let d(v) = -v**3 + 3*v**2 + 4*v + 2. What is d(4)?
2
Let d(g) = -6*g - 14. Determine d(-12).
58
Let l(n) = -n**3 - 9*n**2 - 4*n + 20. Calculate l(-8).
-12
Let m(z) = -z**3 - 20*z**2 - 3*z - 59. Determine m(-20).
1
Let v(w) = w - 14. Calculate v(0).
-14
Let i(r) = r**3 - 6*r**2 + 3*r - 9. What is i(6)?
9
Let u(m) = -m**3 + 6*m**2 - 4*m + 2. What is u(5)?
7
Let k(b) = 4*b**2 - 3*b - 1. Give k(-2).
21
Let i(d) = -2*d**2 - 3*d + 2. Calculate i(-4).
-18
Let f(z) = z + 16. Give f(-14).
2
Let d(f) = f**3 + 19*f**2 + 4*f + 41. What is d(-19)?
-35
Let r(n) = n**2 + 3*n. What is r(-5)?
10
Let b(j) = -j**3 - 6*j**2 - 15*j - 7. What is b(-4)?
21
Let a(d) = 7*d - 46. Determine a(7).
3
Let m(t) = -4*t - 201. Give m(-39).
-45
Let v(d) = -d**3 - 2*d**2. Calculate v(-4).
32
Let j(q) = q**3 - 3*q**2 + 5*q - 3. Determine j(2).
3
Let y(b) = -7*b + 22. What is y(5)?
-13
Let u(j) = -j - 14. Give u(-9).
-5
Let z(f) = -f**2 - 20*f + 43. Determine z(-22).
-1
Let p(i) = -i**3 - 10*i**2 - 14*i - 22. Give p(-9).
23
Let f(w) = 3*w**2 - 6*w + 8. Give f(6).
80
Let d(y) = y**3 - 5*y**2 - 15*y + 13. Calculate d(7).
6
Let a(l) = -12*l + 14. What is a(2)?
-10
Let n(t) = t**3 - t**2 - 4*t + 8. Give n(2).
4
Let p(z) = z**2 + 2*z - 2. What is p(-2)?
-2
Let t(c) = -3*c**2 - 6*c - 4. What is t(5)?
-109
Let i(c) = -c**2 + 19*c - 19. Determine i(19).
-19
Let d(p) = p - 7. What is d(-4)?
-11
Let g(m) = -4*m - 1. Determine g(6).
-25
Let a(t) = -t**2 + 7*t + 18. Determine a(8).
10
Let a(w) = w**3 + 14*w**2 + 24*w + 17. Give a(-12).
17
Let a(b) = -b**2 + 6*b - 8. Give a(6).
-8
Let n(a) = a**3 - 6*a**2 + 2*a - 1. Determine n(3).
-22
Let y(z) = z**3 - 9*z**2 + 8*z + 35. Calculate y(7).
-7
Let r(z) = -2*z**2 + 5*z + 5. Determine r(4).
-7
Let b(l) = l**2 - 12*l + 29. Calculate b(5).
-6
Let l(j) = -j**2 - 12*j - 15. Calculate l(-7).
20
Let u(j) = j**3 + 12*j**2 + 26*j - 13. What is u(-9)?
-4
Let r(b) = b**2 - 24*b + 95. Give r(5).
0
Let o(v) = -4*v**2 - 6*v - 6. Calculate o(-3).
-24
Let w(u) = u**3 - 8*u**2 - 4*u + 2. Give w(8).
-30
Let q(r) = 38*r + 2. What is q(1)?
40
Let n(i) = -i**2 + i + 110. Give n(11).
0
Let w(j) = j**3 + 10*j**2 + 10*j + 8. What is w(-9)?
-1
Let n(d) = 70*d - 203. Give n(3).
7
Let m(o) = o**2 + o. Calculate m(-3).
6
Let n(u) = -6*u**2 - 40*u + 64. Give n(-8).
0
Let j(s) = s - 2. Calculate j(-6).
-8
Let m(y) = 15*y + 70. Calculate m(-5).
-5
Let g(y) = -y**3 - 12*y**2 - y + 10. Determine g(-12).
22
Let u(r) = 3*r**2 - 10*r - 25. Determine u(5).
0
Let l(z) = 2*z + 40. Determine l(-16).
8
Let b(n) = 4*n**3 + 4*n**2 + 4*n. Determine b(-1).
-4
Let q(y) = -y**2 - 21*y + 3. Determine q(-12).
111
Let m(h) = -15*h**2 + 5*h. Give m(2).
-50
Let f(d) = -2*d**3 - 15*d**2 + 11*d + 18. Calculate f(-8).
-6
Let l(i) = -i**3 + 4*i**2 + 12*i - 3. Calculate l(6).
-3
Let b(g) = g**2 - 14*g + 2. Determine b(11).
-31
Let o(p) = p**2 + 13. Calculate o(6).
49
Let b(j) = -6*j**2 - 16*j + 2. What is b(-3)?
-4
Let x(q) = q**2 + 4*q + 12. Calculate x(-6).
24
Let g(d) = d**3 + 7*d**2 + 4*d + 16. Give g(-7).
-12
Let t(x) = x**3 - 3*x**2 - 3*x. Determine t(-2).
-14
Let j(p) = p**2 - 10*p + 30. Determine j(8).
14
Let x(f) = f**2 - 2*f - 8. Give x(0).
-8
Let h(v) = 47*v**2 + 2*v + 2. What is h(-1)?
47
Let a(r) = r**3 - 3*r**2 + 2*r - 2. Calculate a(5).
58
Let x(b) = -b**3 + 15*b**2 - 13*b - 15. Calculate x(14).
-1
Let w(s) = 4*s**2 - 10*s - 6. Give w(6).
78
Let j(z) = z**3 + z**2 + 2*z + 2. Calculate j(-2).
-6
Let z(f) = f**3 + 12*f**2 - f - 12. Give z(-12).
0
Let a(c) = 2*c**2 + 47*c - 17. Calculate a(-24).
7
Let b(q) = -9*q - 6. What is b(-2)?
12
Let l(y) = -6*y - 5. What is l(-2)?
7
Let g(o) = 2*o**3 + 11*o**2 - 3*o + 8. What is g(-6)?
-10
Let n(y) = -y**3 + 11*y**2 + 12*y + 3. Calculate n(12).
3
Let s(j) = 7*j - 11. What is s(5)?
24
Let p(o) = o**2 - 13*o - 2. Calculate p(16).
46
Let p(j) = -32*j**2 + 2*j - 1. Give p(-2).
-133
Let f(h) = h**3 + 10*h**2 + 23*h + 41. Calculate f(-8).
-15
Let r(x) = x**2 + 14*x + 35. What is r(-10)?
-5
Let h(b) = -b**3 + 22*b**2 + 52*b - 84. What is h(24)?
12
Let c(a) = -a**2 - 4*a + 4. Give c(-7).
-17
Let n(i) = 3*